luate -6 + (2 - (3 + -2)) - (-35 + 35).
-5
What is -485 + 503 + -15 + 2?
5
Calculate -7 + 4 + 8 - (1 + -5 - -5).
4
Evaluate 7 - ((-6 - -11) + -5 - 3).
10
Evaluate 12 - (-4 + 1 + 9 + -4).
10
What is (19 - 0) + (2 - 5) - (13 - 14)?
17
12 + -2 - (8 + -10 + 18)
-6
(74 - 73) + (-19 - -10) + 2 + -3
-9
What is 10 + 0 + -5 + (-14 - 1)?
-10
-1 + -2 + -1 + (-1 - -4)
-1
29 - (-34 + (38 - -6))
19
What is the value of ((0 - 4) + 14 + -10 - -7) + 5?
12
What is -2 + (-9 - (-7 - 8) - 15)?
-11
What is the value of -8 + 27 - (-7 + 32) - (-1 - 8)?
3
What is the value of 23 + 14 + (37 + -39 - (2 + 4))?
29
What is the value of 8 - ((-15 - -18) + 1)?
4
Evaluate -4 - (6 - -1 - (10 + (2 - 6))).
-5
1 + 5 - (4 + (-11 - (5 + -6)))
12
What is the value of -7 - ((-1 - -7 - 6) + -2)?
-5
Evaluate 5 - 46 - -31 - (2 + 3).
-15
Evaluate (9 + -7 - 20) + -7 + 13.
-12
23 + (-3 - 7) - 18
-5
Calculate -5 + -5 - -3 - -18.
11
(-9 - ((69 - 63) + (-2 - 7))) + 10
4
Calculate -10 + (-5 - (-9 - 7)).
1
What is -10 + -5 + 10 + -5 + 3?
-7
What is -11 - (-2 - (23 - 17))?
-3
25 + -25 + 9 - (30 + -16)
-5
Calculate 27 + -5 - (-23 + 40).
5
What is the value of 5 + (1 + -3 - 5) + 12 + -27?
-17
Evaluate 19 + (4 - 9) + 2 + -6 + -5.
5
What is (1 + 0 - (2 - 0)) + -9 + -2?
-12
Calculate 10 - (11 + (4 - 9) - 10) - -6.
20
Calculate 2 + -11 + (-3 - 3) - -7.
-8
Evaluate 14 + -1 + (-22 - 8 - 3).
-20
Evaluate 11 - (1 + -10 + 11 + -4).
13
What is the value of (-16 - -18) + 1 + -20?
-17
Evaluate 15 + -22 - (-4 - (9 - 0)).
6
What is the value of (1 + 2 - (89 - 94)) + -6?
2
What is the value of (-1 - 4) + (-25 - -37) + (0 - -1)?
8
What is (10 - 40 - -12) + 1?
-17
What is the value of 7 + 13 + -24 + -3 + -10?
-17
Evaluate (-9 - -3) + -13 + 15 + 0.
-4
-13 + 27 + (-14 - 2)
-2
What is the value of 16 + -34 + 3 + -6?
-21
5 + 15 + -12 + 2
10
What is -6 - -15 - (9 - 12)?
12
-13 - (2 - 5 - (24 + -21))
-7
-47 + 40 + (1 - -15) - (14 + -22)
17
5 + 2 - (-9 + -1 + 32)
-15
What is the value of 3 + 2 + (-3 - -3) + (1 - 2)?
4
What is the value of -19 - -50 - 25 - (17 + -1 - 1)?
-9
What is 264 - 268 - (1 + -2 + 6)?
-9
Evaluate (7 - 5 - 18 - -5) + 6.
-5
Evaluate -43 - -44 - ((0 - -2) + -11).
10
Calculate -1 + -6 + -140 + 148.
1
Evaluate -4 - -4 - (-21 + 12 + -9).
18
What is (-6 - (8 - 10) - 1) + -1?
-6
Evaluate 1 - (-22 - -16 - -4).
3
Calculate -2 - ((12 + -10 - 7) + -8) - -2.
13
What is -4 + (1 - 1) + (8 - 11) + 11?
4
Calculate 2 - 29 - -9 - -16.
-2
Evaluate 1 + 0 + (-12 + 13 - -14 - 9).
7
Calculate -15 + 0 - (119 + -122).
-12
0 - (22 - 10 - 4)
-8
25 - 16 - (14 - 9) - (0 + 30)
-26
What is the value of (1 - (-2 + 7 + -3)) + (118 - 113)?
4
What is 1 + 0 - ((-13 - -5) + 3)?
6
-36 + -1 - (9 + (20 - (19 - -19)))
-28
What is (15 - 0 - (-15 + 22)) + 7?
15
What is (8 - (-3 - 13)) + (0 - 7)?
17
What is the value of (22 - 36) + 0 + (-4 - -8)?
-10
Evaluate 30 + 2 - -1 - 15.
18
Calculate 263 + -289 + (0 - -11 - 1).
-16
What is 3 - -6 - (8 - 6 - (-14 - -12))?
5
Evaluate 2 + 1 + -1 + (41 + -33 - 2).
8
What is -21 - (-12 + (-9 + 11 + -14 - -30))?
-27
What is the value of -1 + 4 + -44 - (-76 - -64)?
-29
What is the value of -674 - -652 - (-21 + -1)?
0
What is the value of 1 - (1 + -6 + -4) - (3 - -33)?
-26
(1 - -2 - 3) + (-10 - (11 - 29))
8
Calculate -119 + 173 - 51 - (0 + 1 + -18).
20
(-1 - 21) + 14 + 16
8
Evaluate (18 - 1) + 159 + -202.
-26
(-2 - -2) + -8 + 431 + -415
8
(0 - -9) + 4 + -11 - (-45 + 18)
29
Calculate -31 + 37 + (0 - 13) + -3 + -26.
-36
What is the value of -2 + (1 - (11 + -3 + -4)) + -3?
-8
Evaluate 6 - 4 - 15 - (-7 - (8 + -13)).
-11
Evaluate (22 - 26 - 1) + (14 - -2).
11
What is the value of 89 + -88 + 16 + -1?
16
Calculate (-16 - 0) + 14 + 0 + 14 + 0.
12
Evaluate 21 - (-18 - (0 + -10)).
29
Evaluate -35 - (-57 + 13 + 20).
-11
What is the value of 4 + 1 + -5 + (55 - 55)?
0
What is -4 + (18 - 13) + 11?
12
(41 - 13 - 43) + -6
-21
1 + 9 + (22 - 36) - -14
10
Calculate 0 + (0 - 9) - (-12 - -7).
-4
What is -24 - (-32 - (-3 - 19))?
-14
What is 37 + -35 + 1 + -5 - (13 + 1)?
-16
Calculate 8 + -2 + -5 + (3 - 0) - 4.
0
-13 + -9 + 19 + -6
-9
What is -8 + 1 - (-2075 - -2052)?
16
What is the value of -4 + (0 + -1 + -2 + -5 - -12)?
0
21 - 12 - -4 - 6
7
What is (-4 - 1) + 20 + (-36 - -20)?
-1
What is the value of 1 - -11 - 37 - -14?
-11
-1 + 17 + (673 - 670) + -30
-11
What is 10 - ((-2 - -1) + 16 + 5)?
-10
Evaluate -37 - (4 + (27 - 47)).
-21
What is 0 + -8 + 2 - ((-18 - -43) + -31)?
0
Evaluate 6 - (7 - (1 + -5 + 11)).
6
0 - 21 - (9 - 27)
-3
-208 + 197 - (-3 + (4 - -2))
-14
Calculate -18 - ((-43 - -42) + 7).
-24
-4 + -1 + (12 - 4)
3
5 + (83 - 74 - (1 - 1))
14
What is -3 - 3 - -11 - (0 + 25) - 3?
-23
What is -162 - -173 - (-19 + 6)?
24
Calculate 13 + -31 + (-4 - -4).
-18
Calculate (15 - 1) + -16 + 2 + -16 + 27.
11
6 + -15 + 9 + -9 - -13
4
Evaluate 2 + 4 - -21 - 16 - (1 - 5).
15
Evaluate 16 - 21 - (-1 - (-3 - (-1 + -22))).
16
What is 13 - (12 + (-11 - -3))?
9
Evaluate -13 - -8 - (2 - (10 + -5)).
-2
What is -5 + 2 + (-5 + -2 - -2 - 6)?
-14
What is -11 + 0 + 118 + -104 + 1 + 0?
4
Calculate (17 - (16 + -32)) + -16 - 2.
15
Calculate 12 - (16 + (4 - 12) + -3).
7
Calculate -14 - (-12 + 5 + -14).
7
What is 0 + -1 - (-27 + -8 - -36)?
-2
Calculate -8 - -27 - (11 - -7).
1
Evaluate 3 + 0 + -10 + (7 - 5) + -7.
-12
-10 - 30 - -12 - -41
13
What is -366 + 376 - (0 + -2 + 10)?
2
What is the value of 3 + (49 + -46 - (-1 - -4))?
3
Calculate 1 + (-7 - -4 - -2) + 0.
0
Calculate 67 - 43 - (1 + 4).
19
Evaluate -8 - (-14 - (6 + -11)).
1
What is the value of (-2 - 6 - 0) + 4 + -5?
-9
(0 - -2 - -42) + -5 + 43 + -49
33
Calculate 8 + 7 + 7 + -4.
18
What is 13 + -26 + (1 + -2 - (-8 + 8))?
-14
1 - (2 - -10 - (11 - (-12 + 27)))
-15
Evaluate -22 - (-4 - (0 + 7)) - -3.
-8
What is 11 + 9 + (4 - 2 - 1) + -8?
13
Evaluate (-21 + 21 - 17) + 15.
-2
What is -4 + (-5 - -9) + 2 + 3 + -14?
-9
Calculate (5 - (1 + 1) - 16) + 2.
-11
-2 - (-5 + -1 + 3)
1
What is (5 - (2 - 5)) + (10 - (-3 + 15))?
6
Calculate -20 - (-8 + 7 - 1).
-18
What is 14 + 11 + 7 - 21?
11
Calculate (-18 + 32 - 0) + (-10 - -1).
5
70 + (48 - 110) - (0 - -2 - 0)
6
-24 + 74 + -30 - 21
-1
Evaluate (-11 - -10) + 9 + -3 - 1.
4
What is 29 + 0 + 470 + -502?
-3
What is -8 + 13 - ((0 - 1) + 3)?
3
What is -10 + 20 + -7 - (0 + 7 - 2)?
-2
Evaluate -3 + (8 - 17) + 10.
-2
-1 + 32 + (-129 - -112)
14
What is 23 + (-1 - (2 + (-1 + 6 - 0)))?
15
(2 - -6 - -2) + -1 + -5 - 12
-8
Evaluate (-6 - -3) + (-15 - -6) + -2 - -7.
-7
Calculate -6 - (7 - (-10 - (9 + -30)) - -28).
-30
0 - (-24 - -26) - 4
-6
3 + 5 + -2 + -2 + (-30 - -14)
-12
Evaluate 5 + (13 - (-6 - (-1 - -1))) + -5.
19
Calculate -25 + (-2 - -3) + -211 + 210.
-25
185 + -200 + 1 + 2 + 0
-12
-15 + (0 - -2) - (-43 + 44)
-14
What is the value of -5 + (14 + 7 + -10 - 13)?
-7
Evaluate (-55 - (-63 - 9)) + -47 + 1.
-29
What is 0 + -1 + 11 + -47 + 40?
3
Evaluate -1 + -17 - -12 - (-2 + 4 + 2).
-10
Evaluate -4 + (19 - 3) + -28.
-16
What is -55 - -4 - -21 - (-3 + 2 + 0)?
-29
Evaluate 18 + -10 + -27 + 39.
20
Evaluate -580 + 586 - (-1 + (1 - -2)) - 7.
-3
Evaluate (67 - 16) + -33 - 7.
11
-2 + (-16 - 6 - -5)
-19
Evaluate 16 + -6 - (6 - (4 + 0)).
8
What is the value of 39 + 7 + -23 - (14 - 4)?
13
What is the value of -43 - ((-5 - -9) + -29)?
-18
4 - -3 - (12 + (-8 - 12 - 8))
23
What is the value of -3 - (-5 + -48 + 23)?
27
Calculate (-4 - (0 + 7)) + (-2 - -13) + -8.
-8
What is the value of (21 - 30) + 4 + 6 + 6?
7
What is (-9 - (-5 + -1) - 6) + 8?
-1
(37 - 2) + -20 - 8
7
What is -497 + 493 + -2 + (0 - 5)?
-11
Calculate -10 + (-72 - -84) + (1 - 4) - 1.
-2
What is 26 + (2 - 31) - ((1 - 2) + 14)?
-16
What is 8 + (8 - 3 - (41 + 8 + -21))?
-15
Evaluate -11 + 3 + (-13 - -8) + -1 + 7.
-7
Calculate 5 + -2 + (-24 + 5 - 0).
-16
Calculate -66 + -19 - -61 - (0 + -16).
-8
What is (38 - (56 + -32)) + (-34 - 0)?
-20
(-20 - (6 + 1)) + 18
-9
Evaluate 33 + 25 - 69 - (0 + 3).
-14
-8 + -9 + 6 + 7 + 0
-4
-21 + 19 + (-8 - 5) - (0 - 6)
-9
What is the value of -16 - (-3 - 7) - (9 - -4)?
-19
Calculate 1 + 1 - (24 + (6 - 39)).
11
Calculate -6 + 1 + (-5 - (-5 + -5 - -3)).
-3
What is the value of 50 + -57 + (-3 - (2 + -3))?
-9
Evaluate 2 + (-3 - -9) - -1 - -8 - 3.
14
What is the value of -79 + 10 + 48 + (-1 - (1 + 3))?
-26
What is the value of -20 + 22 - (6 - 2) - (-2 + -3)?
3
0 - (9 - 5 - (-5 - (-8 + -8)))
7
What is -28 - ((-20 -